is the hundreds digit of z?
9
Suppose 57*w - 62*w - f = -33798, -w - 3*f + 6768 = 0. What is the thousands digit of w?
6
What is the hundreds digit of (0/1 + 4)*43692756/7248?
1
Let t = -15 - -20. Suppose -t*l = -4 - 526. Suppose -5*k = -4*z - 216, 3*k - l = 4*z + 22. What is the units digit of k?
4
Let x be 234/63 + ((-10)/14 - -1). Suppose x*l - 5*l + 4*v = 151, 585 = -4*l - 3*v. Let m = -51 - l. What is the tens digit of m?
9
Let x = -4758 + 1716. Let z = x - -4398. What is the tens digit of z?
5
Let m(f) = f - 6. Let q be m(3). What is the units digit of q + (628 + 4 - -3)?
2
Let s be 6/(-8) + (-31158)/(-72). Suppose -2*z = -4*d - 366, -s = -3*z - 3*d + 135. What is the tens digit of z?
8
Let i be 1125/((-35)/(-7)) + -3. Let a = i - -450. What is the tens digit of a?
7
Suppose -5*p + 86 = 3*h + 11, 33 = p - 3*h. What is the tens digit of (p/(-4) + 3)/(2/(-740))?
5
What is the units digit of -20 - (-77615 - 156/26)?
1
Let i(p) = p**3 - 2*p**2 - 51*p - 364. What is the thousands digit of i(29)?
0
Let g(a) = 15*a**3 + 6*a**2 - 44*a + 20. What is the tens digit of g(5)?
2
Let l(f) = 1. Let u(z) = -2*z**2 + 35*z - 20. Let j be 1 - (3 + 2*(-2)/4). Let o(b) = j*u(b) - l(b). What is the units digit of o(18)?
7
Let s be -2 + 3 - 0 - -4. Suppose -2*o = -6 + 2. Suppose -3*n = -s*i + 827, 5*n - 795 = -o*i - 3*i. What is the tens digit of i?
6
Suppose 0 = 5*h - n - 6317, -345*n + 341*n - 1271 = -h. What is the units digit of h?
3
Suppose 0 = 2*v + 5*k - 26378, 76603 = 5*v + 4*k + 10607. What is the units digit of v?
4
Let s(m) = -3*m**2 + 7*m - 14. Let j(n) = -n**2. Suppose 3 - 12 = 9*d. Let l(b) = d*s(b) - 2*j(b). What is the tens digit of l(5)?
0
Suppose 7*q + 168 = -q. Let d be ((-8)/18)/((-7)/q)*-3. What is the tens digit of (-4 + 5)/(d/204)?
5
Let r(l) be the first derivative of 425*l**3/3 - 2*l**2 + 10*l - 240. What is the tens digit of r(-2)?
1
Let o = 32090 + -19268. What is the hundreds digit of o?
8
Suppose 0 = 4*c + 5*t - 61520, -13*t + 9*t = 16. What is the ten thousands digit of c?
1
Let v be (0 - -13)*222/481. Suppose 9*p - v*p + 48 = j, 5*p - 107 = -4*j. What is the units digit of j?
3
Suppose 4 = 10*c - 26. Suppose -w - c*u - 723 = -4*w, -250 = -w - 2*u. What is the units digit of w?
4
Let a(n) be the first derivative of -n**4/4 - 10*n**3/3 + 17*n**2/2 + 10*n + 43. What is the units digit of a(-12)?
4
Let r(h) = 49*h**2 - h - 1. Let w be r(2). Suppose 3*i + 347 = 14. Let a = i + w. What is the units digit of a?
2
Suppose 4*j - 2118 = j - o, 5*o = 15. Let b = 737 - j. What is the tens digit of b?
3
Let j(u) = 21591*u + 2029. What is the thousands digit of j(1)?
3
Let n(g) = 7*g + 133. Let r be n(-10). What is the hundreds digit of (5 - r)/(3/(-6))?
1
Suppose -2*a = -69*s + 68*s + 8223, 0 = 2*s + 4*a - 16494. What is the units digit of s?
5
Let r = 6964 - 1024. What is the tens digit of r?
4
Let z be -2 + 177/15 - 16/20. Suppose -5*n + 10 = -l, 3*n + 3 = z. Suppose 0 = -l*v - v + 3, 3*v = -5*x + 249. What is the tens digit of x?
4
Let p(t) = 2122*t + 8539. What is the ten thousands digit of p(15)?
4
Let u = 55 + -47. Let p be u*(0 + 125/20). Suppose 0 = -4*v + 382 - p. What is the units digit of v?
3
Let n(g) = 222*g**2 - 4*g - 10. Let l(k) = -221*k**2 + 3*k + 9. Let j(w) = 6*l(w) + 5*n(w). Let u be j(2). What is the units digit of 2/7 + u/(-14)?
2
Suppose -2*c + 4*c = -4*j + 36, 0 = 2*j + 5*c - 18. Suppose -j = -5*r + 676. What is the tens digit of r?
3
Suppose 3*s - 9*s = -78. Suppose -s + 10 = g. What is the tens digit of -6*(2 + -4 + g)?
3
Let v(g) = -g**3 - 44*g**2 + 4*g + 185. Let p be v(-44). Suppose -3*f + a = -2194, -p*f + 7*f + 2*a = -1456. What is the units digit of f?
3
Suppose -r - 25997 = -2*f, 3*f - 2*r + 2758 - 41750 = 0. What is the tens digit of f?
0
Let g(w) be the first derivative of w**4/4 + 5*w**3/3 - 2*w**2 + 5*w - 27. Let d be g(3). Let x = -49 + d. What is the tens digit of x?
1
Let g = 100 - 99. What is the units digit of (-2)/g*(45 - 89)?
8
What is the tens digit of 446072/40 + ((-72)/30)/3?
5
Let j(y) = y + 52. Let s be j(-15). Let f(g) = 209 + 9 - 7*g + s. What is the units digit of f(0)?
5
Let k = 41 + 116. Let x = -147 + k. What is the tens digit of x?
1
Let h = -279 + 281. What is the hundreds digit of (0 - -5 - -5)/h + 1004?
0
Suppose 10*d + 66 = 13*d. Suppose -d*c = -23*c + 199. What is the units digit of c?
9
Suppose -20*r = -14*r - 30. What is the hundreds digit of (-1)/r - 7160/(-50)?
1
Suppose 0*i + 510 = 5*i. Suppose -t - 28 - 2 = 0. Let l = i + t. What is the tens digit of l?
7
Let b = -21 + 13. Let r(l) = -2*l**3 - 5*l + 4. Let h be r(b). What is the tens digit of ((-2)/(-6))/((1 + 3)/h)?
8
Let s be 26/(-1 - (-39)/33). Suppose -5*h - 1612 = s. What is the hundreds digit of (8/(-3))/(9/h)?
1
Let z = -1113 - 10. Let c = -514 - z. What is the tens digit of c?
0
What is the units digit of 5072475/517 + (200/55 - 4)?
1
Let c(k) = 3*k**2 - 8*k + 42. Let h be c(6). Suppose w - 241 = h. What is the tens digit of w?
4
Suppose g = -2 + 8. Suppose -5*i + g = -3*i. Suppose -i*a - 60 = -5*a. What is the tens digit of a?
3
Let h = 227 + -399. Let p = 168 - h. What is the units digit of p?
0
Suppose -33 = -3*c - 3*h, 2*c + 5*h = 8*h + 17. Let p(s) = 5*s + 2*s + 20 + 25 - c. What is the units digit of p(-4)?
7
Let l(d) = -7471*d + 13308. What is the units digit of l(-7)?
5
Suppose 38403 = 12*z - 69645. What is the units digit of z?
4
Let b(j) = j**2 - 482*j - 2125. What is the ten thousands digit of b(-134)?
8
Suppose -1520 = -27*s + 316. Let p(j) = 6*j**3 + 4*j**2 + 3*j + 2. Let b be p(-2). Let a = s + b. What is the units digit of a?
2
Suppose -2*o + 22 = -5*y, 3*o + 0*y - 2*y - 33 = 0. Suppose 2230 - 6102 = -o*d. What is the units digit of d?
2
What is the thousands digit of ((-29088)/(-10))/16*150?
7
Suppose -2*j - 4*r = -34662, 5309*j - 3*r - 17311 = 5308*j. What is the units digit of j?
3
Let h(k) = k**3 + 23*k**2 - 37*k + 27. Let j be h(-24). What is the units digit of j/(-1*(-7 + 6))?
9
Suppose k + 18821 = 28*c - 23*c, -k = -2*c + 7532. What is the tens digit of c?
6
Suppose 9*g - 10*g - 3*c + 1278 = 0, g - c - 1310 = 0. What is the thousands digit of g?
1
Suppose 0*g - 42 = -2*g. Let m = g - -38. Suppose -m = -3*b + 124. What is the tens digit of b?
6
Let h(g) = -7*g + 181. Let a be h(15). Suppose 1900 + a = 19*b. What is the tens digit of b?
0
Suppose -18 = q + 2*q. Let z(x) = 25*x**2 - 10*x + 7. Let a(v) = -12*v**2 + 4*v - 3. Let j(w) = -13*a(w) - 6*z(w). What is the tens digit of j(q)?
6
Let n be (1 - -3)/(6/(-30)). Let b(c) = -c**2 - 29*c - 74. What is the hundreds digit of b(n)?
1
Let h(o) = -2*o**2 + 10*o + 9. Suppose -3*j - 23 = -4*m, -5*m - 9 = -3*j - 40. Let g be h(m). Let c = g - -73. What is the tens digit of c?
3
Suppose 694*x + 6458262 = 441*x + 359*x. What is the ten thousands digit of x?
6
Suppose -4*t + 2*b + 26404 = 0, 5*b - 13202 = -17*t + 15*t. What is the units digit of t?
1
Let g be -33*(-3 + 41/3). What is the tens digit of (281/(-2))/(44/g)?
2
Let f = -73220 + 125705. What is the units digit of f?
5
Suppose -509240 = -65*s - 80*s. What is the hundreds digit of s?
5
Suppose j - 745 = 3*z, -245 + 753 = -2*z - 5*j. What is the hundreds digit of 1436/6 - 0 - 166/z?
2
Let z(q) = -q**3 + 4*q**2 + 4*q + 14. Let k be z(6). Let l = 41 + k. Suppose 0 = -l*f + 184 + 523. What is the hundreds digit of f?
1
Suppose c - 32730 + 8829 = 0. What is the tens digit of c?
0
What is the units digit of (-3 + 9690)/((-78)/(-78))?
7
Suppose -4*q - 3*d + 2 = -d, 0 = 2*q + 4*d - 16. Let n be 5 - 3/1 - 0/q. Suppose a - 31 = -3*w, n*a - w = w + 46. What is the units digit of a?
5
Let b = -2476 + 4236. Suppose -11*q + b = -q. Suppose 4*t = -x + q, -170 = -5*x + 4*x - 2*t. What is the hundreds digit of x?
1
Let s(o) = 8*o**3 - 13*o**2 - 2*o + 312. What is the thousands digit of s(21)?
8
What is the tens digit of ((75/(-60))/((-3)/(-6)))/((-11)/369226)?
1
Suppose -5*y + 4*b = -236737, 0 = b - 31 + 39. What is the tens digit of y?
4
Let z be (-2)/(2/(-3) + (-292)/(-456)). Let n = 78 - z. What is the units digit of n?
2
What is the hundreds digit of (65238/30)/((-12)/(-60))?
8
Let n(z) = -6*z**3 - 18*z**2 - 79*z - 42. What is the hundreds digit of n(-13)?
1
Let r be 2/(-3) + 0 - 92/(-138). Suppose -5*l - z + 3